{"version":"1.0","type":"rich","width":"560px","height":"140px","title":"Wahl in der T\u00fcrkei, Fl\u00fcchtlingsgipfel im Kanzleramt, Asyl-Vorschl\u00e4ge der EU-Kommission, Mythen \u00fcber W\u00e4rmepumpen, Selbstbestimmungsgesetz (Monne K\u00fchn, Frauenhaus Uelzen & Anna Katharina Mangold, Rechtswissenschaftlerin), Referendariat bei der Lage","url":"https:\/\/lagedernation.org\/podcast\/ldn335-wahl-in-der-tuerkei-fluechtlingsgipfel-im-kanzleramt-asyl-vorschlaege-der-eu-kommission-mythen-ueber-waermepumpen-selbstbestimmungsgesetz-monne-kuehn-frauenhaus-uelzen-anna-katharina-ma\/","author_name":"Lage der Nation - der Politik-Podcast aus Berlin - W\u00f6chentliche Analyse der politischen Ereignisse in Deutschland und der Welt - mit Philip Banse und Ulf Buermeyer","author_url":"https:\/\/lagedernation.org","thumbnail_url":"https:\/\/lagedernation.org\/wp-content\/blogs.dir\/10\/files\/2020\/06\/apple_podcast_artwork_reverse.png","html":"<iframe width=\"560px\" height=\"140px\" src=\"https:\/\/lagedernation.org\/podcast\/ldn335-wahl-in-der-tuerkei-fluechtlingsgipfel-im-kanzleramt-asyl-vorschlaege-der-eu-kommission-mythen-ueber-waermepumpen-selbstbestimmungsgesetz-monne-kuehn-frauenhaus-uelzen-anna-katharina-ma\/?standalonePlayer\"><\/iframe>"}

Wahl in der Türkei, Flüchtlingsgipfel im Kanzleramt, Asyl-Vorschläge der EU-Kommission, Mythen über Wärmepumpen, Selbstbestimmungsgesetz (Monne Kühn, Frauenhaus Uelzen & Anna Katharina Mangold, Rechtswissenschaftlerin), Referendariat bei der Lage

Lage der Nation - der Politik-Podcast aus Berlin - Wöchentliche Analyse der politischen Ereignisse in Deutschland und der Welt - mit Philip Banse und Ulf Buermeyer
