{"version":"1.0","type":"rich","width":"560px","height":"140px","title":"EU-Wahl, May-R\u00fccktritt, Strache-Video, Rezo vs CDU, DSGVO, Eigenbedarfsk\u00fcndigung, W\u00f6lfe - Danke an alle, die gestern bei unserer Lage Live in Konstanz dabei waren!","url":"https:\/\/lagedernation.org\/podcast\/ldn143-eu-wahl-may-ruecktritt-strache-video-rezo-vs-cdu-dsgvo-eigenbedarfskuendigung-woelfe\/","author_name":"Lage der Nation - der Politik-Podcast aus Berlin - W\u00f6chentliche Analyse der politischen Ereignisse in Deutschland und der Welt - mit Philip Banse und Ulf Buermeyer","author_url":"https:\/\/lagedernation.org","thumbnail_url":"https:\/\/lagedernation.org\/wp-content\/blogs.dir\/10\/files\/2020\/06\/apple_podcast_artwork_reverse.png","html":"<iframe width=\"560px\" height=\"140px\" src=\"https:\/\/lagedernation.org\/podcast\/ldn143-eu-wahl-may-ruecktritt-strache-video-rezo-vs-cdu-dsgvo-eigenbedarfskuendigung-woelfe\/?standalonePlayer\"><\/iframe>"}

EU-Wahl, May-Rücktritt, Strache-Video, Rezo vs CDU, DSGVO, Eigenbedarfskündigung, Wölfe - Danke an alle, die gestern bei unserer Lage Live in Konstanz dabei waren!

Lage der Nation - der Politik-Podcast aus Berlin - Wöchentliche Analyse der politischen Ereignisse in Deutschland und der Welt - mit Philip Banse und Ulf Buermeyer
