{"version":"1.0","type":"rich","width":"560px","height":"140px","title":"LdN012 Au\u00dfen wei\u00df, innen braun - Liebe H\u00f6rerinnen und H\u00f6rer,\r\n\r\ndiesmal weiten wir eingangs den Blick \u00fcber den nationalen Tellerrand: Sieht man von wenigen Ausnahmen ab haben fast alle L\u00e4nder Europas ein massives Problem mit Neo-Nationalismus und Neo-Nazismus ...","url":"https:\/\/lagedernation.org\/podcast\/ldn012-aussen-weiss-innen-braun\/","author_name":"Lage der Nation - der Politik-Podcast aus Berlin - W\u00f6chentliche Analyse der politischen Ereignisse in Deutschland und der Welt - mit Philip Banse und Ulf Buermeyer","author_url":"https:\/\/lagedernation.org","thumbnail_url":"https:\/\/lagedernation.org\/wp-content\/blogs.dir\/10\/files\/2020\/06\/apple_podcast_artwork_reverse.png","html":"<iframe width=\"560px\" height=\"140px\" src=\"https:\/\/lagedernation.org\/podcast\/ldn012-aussen-weiss-innen-braun\/?standalonePlayer\"><\/iframe>"}

LdN012 Außen weiß, innen braun - Liebe Hörerinnen und Hörer,

diesmal weiten wir eingangs den Blick über den nationalen Tellerrand: Sieht man von wenigen Ausnahmen ab haben fast alle Länder Europas ein massives Problem mit Neo-Nationalismus und Neo-Nazismus ...

Lage der Nation - der Politik-Podcast aus Berlin - Wöchentliche Analyse der politischen Ereignisse in Deutschland und der Welt - mit Philip Banse und Ulf Buermeyer
